-6
Suppose 3*r - k = 7, -4*k = 2*r - 0*k. Let h(n) = n**2 - r*n + 2 - 3*n**2 - n**2. Give h(-2).
-6
Let q(k) be the second derivative of k**6/720 - k**5/24 - k**4/2 - 5*k. Let v(r) be the third derivative of q(r). Give v(7).
2
Let q(o) = o**3 + 5*o**2 + 2*o + 7. Let c(k) = 7*k + k**2 + 2*k + 23 - 14. Suppose -4*x = 0, 2*x - 35 = 3*u + 2*u. Let w be c(u). Calculate q(w).
-3
Let f = -13 - -19. Let a be (33/f)/((-2)/4). Let v be (-1)/(2 - a/(-5)). Let y(d) = d**2 - 6*d - 2. Calculate y(v).
-7
Let y be 2/((2/4)/(-1)). Suppose -5*s + 5*o + 20 = 0, -2*s + 4*o + 4 = -4*s. Let t(w) = -6*w**2 - w**3 + w**s + 7 - 5 - 2*w. Calculate t(y).
-6
Let v(x) be the second derivative of -1/12*x**4 + 4*x + x**2 + 0 - 2/3*x**3. What is v(-5)?
-3
Suppose 0 = k - 0*k + 3*o - 3, 3*k - 4*o = 61. Let t(n) = -k*n**2 + 4*n**2 + 10*n**2 + 2 - 6*n. What is t(-5)?
7
Let f(x) = x**3 - x**2 - 3*x - 4. Let u be f(3). Suppose -4*i + 9*i - 3*p - u = 0, 4*i + 5*p = 4. Let a(v) = 5 - 2 - 6*v**2 + 1 - 5 + v. Give a(i).
-6
Let v(d) = 1 + 5*d**3 + 8*d**2 - 6*d**3 - 5*d**2 + 5*d. Let z = 197 + -193. Calculate v(z).
5
Let f = 0 + 3. Let s(d) = 5*d - 3*d - f*d - 4. Let v be 5/25 + ((-32)/(-10))/(-1). What is s(v)?
-1
Let d(u) be the second derivative of -u**5/20 + u**2/2 + 20*u. Calculate d(1).
0
Let r = 5 + -5. Let b(m) = -11 - 4*m + 4*m + m**2. What is b(r)?
-11
Let l(a) be the second derivative of a**4/12 + a**3/6 + 3*a**2 - 6*a. Let g = -1 - -2. Let k = 1 - g. Determine l(k).
6
Let g(v) = -v + v**3 - 6*v - 1 - 992*v**2 + 989*v**2 + 3*v. Calculate g(4).
-1
Let m(s) = -s**2 - s + 2. Let n be m(-2). Let o(q) = -2 - 1 - q**3 + 7. Determine o(n).
4
Let l = -151 + 144. Let z(t) = -t**2 - 8*t - 1. Calculate z(l).
6
Let v(n) = -n - 1. Let s(r) = 2*r + 3. Let j(g) = g**2 + g - 3. Let t be j(-3). Let a(m) = t*s(m) + 5*v(m). Give a(0).
4
Let z be 0 - (-8 - -3) - 3. Suppose 5*t - 14 = -z*p + 9, 4*t + 3*p - 24 = 0. Let v(k) = -2*k + 1. What is v(t)?
-5
Let p(m) = -m**3 - 6*m**2 - 6*m + 1. Suppose -2*h = 3*n - 1 - 4, 20 = -2*h + 2*n. Calculate p(h).
6
Let x(h) = -9 + 3*h**2 - 2*h**2 + 0*h**2 + 6*h - 2*h. Let a be x(-5). Let z(f) = -f**2 - 2*f - 3. What is z(a)?
-11
Let d(a) = 10*a**3 + 3*a + 2. Let p be d(-1). Let o(n) = 5*n**2 - 8*n. Let r(x) = -14*x**2 + 23*x + 1. Let b(t) = p*o(t) - 4*r(t). Determine b(5).
1
Let g be (-182)/(-12) - 2/12. Suppose 0 = -3*c + 3 + g. Let a(i) = i**2 - 6*i + 8. What is a(c)?
8
Let s(g) = -1. Let c(d) = -8*d - 31. Let t(b) = c(b) - 6*s(b). Let u(y) = 3*y + 8. Let o(a) = -4*t(a) - 11*u(a). Suppose 3*z - 6 = 12. What is o(z)?
6
Let v(l) = 9*l - 7. Let x(p) = -p. Let s(t) = v(t) + 5*x(t). What is s(-6)?
-31
Let a(g) = -g**2 + 3. Suppose 3*m - 2*y - 5 = 0, y = m - y + 1. Suppose -m = 3*i - 54. Suppose 6 = -3*n, n + i + 0 = 5*p. Calculate a(p).
-6
Let u(y) = -y - 5. Let d be 6/(-21) - (-120)/28. Let t(a) = -2 + 6 + a**3 - 4*a**2 - 2*a + 1. Let h be t(d). Give u(h).
-2
Let k(q) be the first derivative of -q**6/120 + q**4/24 - q**2 + 1. Let o(u) be the second derivative of k(u). Determine o(-1).
0
Let o be (-14)/(-21) - 24/9. Let p(z) = -5*z**2 + z + 1. Let c(s) = -s**2. Let v(n) = -4*c(n) + p(n). Calculate v(o).
-5
Let k(v) = 7*v - 5. Let n = 56 + -52. Give k(n).
23
Let r be 7/63 - (-218)/(-18). Let t(d) = d**2 + 13*d + 11. Calculate t(r).
-1
Let b(r) be the second derivative of r**4/12 + r**3/3 + 8*r. Give b(2).
8
Suppose 0 = 3*r + 9 + 6. Let k(y) = -y**3 - 5*y**2 - y - 6. Calculate k(r).
-1
Let w(y) = -3*y - 2. Let i be 5 - 2/(-2)*0. Let f = 40 + -42. Let a = f + i. Give w(a).
-11
Let i = 12 + -3. Suppose 0*p - i = -3*p. Let o(y) = 3 - 2*y + y + 0*y. Determine o(p).
0
Let o(t) = t - 2. Let p = 12 - 7. Suppose -p*i + 12 = -8. Give o(i).
2
Let n(d) be the first derivative of d**3/3 - d**2/2 - 6*d - 40. Suppose -3*i - 8 = 5*s + 7, 12 = 5*i - 4*s. Determine n(i).
-6
Let n(a) be the second derivative of -a**5/20 - a**4/12 + a**3/2 - 3*a**2/2 + a. Let s = 8 + -6. Give n(s).
-9
Let m be -2*((-1)/1 + 0). Let j(l) = 3*l - 24 + 23 + 3*l**2 - 4*l**2 - 4*l. Calculate j(m).
-7
Let r(q) = q**3 - 6*q**2 + 8*q - 3. Let s(g) = -g**3 + 4*g**2 + 2*g - 3. Let b be s(4). Determine r(b).
12
Let f(k) = k - 1. Let l be f(4). Suppose 3*w - 1 = -2*j + 7, -5*j - 22 = -l*w. Let u(m) = -2*m + 5. What is u(w)?
-3
Let s = 10 - 8. Let w(d) = 2*d + 3*d**2 - 4*d**2 - d**2 - 1. Calculate w(s).
-5
Let a(v) = -v**2 + 4*v + 4. Let z(i) = -i**2 + 5*i + 4. Let y(h) = -6*a(h) + 5*z(h). Calculate y(3).
8
Let a(q) be the first derivative of 2 + 0*q**2 + 3*q - 1/6*q**3. Let y(d) be the first derivative of a(d). What is y(2)?
-2
Let v(t) = -9*t + 3. Suppose 3*z + 14 - 20 = 0. Give v(z).
-15
Let t(u) = u**3 - 13*u**2 + 6*u - 7. Let f(o) = -o**3 + 11*o**2 - 5*o + 6. Let k(n) = 6*f(n) + 5*t(n). What is k(1)?
1
Let w(n) = -4*n - 7. Let i(y) = 9*y + 15. Let a(z) = -3*i(z) - 7*w(z). Let p = -4 - -5. Suppose s + p = -1. Determine a(s).
2
Let c = 3 - 0. Let m(y) = y + 20*y**2 - y + 14*y**3 - 5*y. Let a(v) = -5*v**3 - 7*v**2 + 2*v. Let f(b) = 17*a(b) + 6*m(b). What is f(c)?
-6
Let r = 11 - 15. Suppose 0*u - 10 = -2*u, -2*d + u = -7. Let l be r/(-10) - d/(-10). Let v(i) = -4*i**2 - 2*i + 1. Calculate v(l).
-5
Suppose a - 26 = 4*i, -i - 2*a = a. Let y(o) = o**2 + 9*o + 6. Determine y(i).
-12
Let y = -6 + 4. Let w = 10 - 5. Let j(u) = -4 + u**3 + 2*u + 4*u - 7*u + w. What is j(y)?
-5
Suppose 0 = -4*i - i - 4*t + 17, -4*i - 3*t + 14 = 0. Let r(d) = 2 + 4*d + d**3 - 6*d**2 + 0 + 3. Give r(i).
0
Let x(s) = -s**2 + 9*s - 16. Let k be x(6). Let f(a) = -2*a**3 + 2*a**2 - 2*a + 1. Calculate f(k).
-11
Let u(s) = 8 - s**2 - 4 - 2*s**3 + 3*s**3. Let p(z) = -z**3 + 2*z**2 - z + 2. Let a be p(2). Calculate u(a).
4
Let i(p) = p**3 + 7*p**2 - 2*p - 4. Suppose 30 = -9*c + 4*c - 5*u, -5*c = -2*u + 37. Determine i(c).
10
Let m(o) = -o**3 - 5*o**2 - 5*o - 2. Let b be 16/9 - 6/(-27). Suppose b*s + 0*s = -6. Give m(s).
-5
Let g(m) = 10*m**2 + m - 1. Let z be g(1). Let t(v) = 2*v - 15. Let r be t(z). Let u(i) = -i + r*i**2 + i + i**3 - 1 - 2*i. Calculate u(-5).
9
Let z(h) = -2*h + 1. Let x be -6*(0 + 1/(-2)). Suppose 0 = -x*d + 5 + 19. Let k be (d/(-6))/2*-3. Calculate z(k).
-3
Suppose 2*p - 6 = 2*r, -2*p + 0*r = 5*r - 6. Let h(g) = -4*g**p + 4 + 5*g**3 - 7*g + 4*g**2 - g**2 - 9. Calculate h(-4).
7
Let u(t) be the third derivative of 1/12*t**4 + 0*t + 3*t**2 + 0 - 11/6*t**3. Let v be u(8). Let w(j) = -j**2 + 6*j - 1. What is w(v)?
4
Let z(i) = i - 2. Let m(w) = w**3 - 6*w**2 - 4*w + 9. Let d be m(7). Let u be d/5*(-2)/(-4). Let o = u + -3. What is z(o)?
-2
Let x(m) = 3*m**3 - m**2 - 8*m + 8. Let n(j) = 7*j**3 - j**2 - 17*j + 17. Let t(w) = -4*n(w) + 9*x(w). Calculate t(-4).
4
Let s(o) be the first derivative of -3 + 1/2*o**2 - 6*o. What is s(0)?
-6
Let c(t) = t**3 - t**2 + 6. Let a(h) be the third derivative of h**6/120 - h**5/30 - h**4/24 + h**3/3 - 2*h**2. Let b be a(2). What is c(b)?
6
Let d(a) = -a + 7. Suppose -8*u + 5*u - 15 = 0. Determine d(u).
12
Let r be 1*(1 + 1) - -4. Let h(k) = -k + r - 3 - 2. What is h(1)?
0
Let o(g) = g**3 + g**2 - 5*g + 6. Let h(n) = -2*n**3 - 2*n**2 + 9*n - 12. Let s(a) = 6*h(a) + 11*o(a). Determine s(0).
-6
Let v(s) be the third derivative of s**6/120 + s**5/60 - s**4/24 + s**3 - 4*s**2. Suppose 3*k - 4*y = -3*y + 5, k - y = 5. Determine v(k).
6
Let c(z) = z**3 + 4*z**2 - z - 2. Let g be c(-4). Let k(j) = -3 - 1 + j**2 + 5*j**g - 5*j - j**3. Calculate k(5).
-4
Let m(p) = -7*p - 19. Let y = 45 + -67. Let h(f) be the first derivative of f**2 + 5*f + 1. Let r(i) = y*h(i) - 6*m(i). What is r(5)?
-6
Let z(q) = -q**2 - q + 3. Let w(r) = -r**2 + 2. Let i be w(-2). Let t = i - -5. Suppose -t*g = -4*g. Determine z(g).
3
Let s(t) be the first derivative of t**2 - 4*t - 16. Suppose -31 + 1 = -2*h. Suppose 5*k + 5 = y, -h = -y - 2*y - 2*k. Determine s(y).
6
Let s(n) = n**3 + n**2 - 1. Suppose 2*h + 2*h = 4. Determine s(h).
1
Let i(w) = -2*w**3 - w**2 + 2. Let n(r) = r**3 - 8*r**2 + 9*r - 16. Let p be n(7). What is i(p)?
14
Let x(i) be the second derivative of i**5/20 - 7*i**4/12 + i**3/6 + 2*i**2 + 27*i. Calculate x(7).
11
Let s(j) be the second derivative of -j**8/6720 - j**7/420 + j**6/240 + j**5/15 - 5*j**4/12 - 2*j. Let f(l) be the third derivative of s(l). Calculate f(-6).
-10
Let l(q) = 14*q - q + 2 - 11*q. Give l(